{"id":6428,"date":"2020-10-05T10:08:35","date_gmt":"2020-10-05T10:08:35","guid":{"rendered":"https:\/\/lajueya.net\/?page_id=6428"},"modified":"2020-10-26T17:23:27","modified_gmt":"2020-10-26T17:23:27","slug":"editores-y-autores-instrucciones","status":"publish","type":"page","link":"https:\/\/lajueya.net\/index.php\/editores-y-autores-instrucciones\/","title":{"rendered":"Editores y autores, instrucciones"},"content":{"rendered":"[et_pb_section fb_built=\u00bb1&#8243; admin_label=\u00bbsection\u00bb _builder_version=\u00bb3.22&#8243;][et_pb_row admin_label=\u00bbrow\u00bb _builder_version=\u00bb3.25&#8243; background_size=\u00bbinitial\u00bb background_position=\u00bbtop_left\u00bb background_repeat=\u00bbrepeat\u00bb][et_pb_column type=\u00bb4_4&#8243; _builder_version=\u00bb3.25&#8243; custom_padding=\u00bb|||\u00bb custom_padding__hover=\u00bb|||\u00bb][et_pb_text admin_label=\u00bbText\u00bb _builder_version=\u00bb4.6.6&#8243; background_size=\u00bbinitial\u00bb background_position=\u00bbtop_left\u00bb background_repeat=\u00bbrepeat\u00bb hover_enabled=\u00bb0&#8243; sticky_enabled=\u00bb0&#8243;]<p><strong>TAREA 1. Entrega\/Publicaci\u00f3n antes del: 9 de noviembre, que se calificar\u00e1 en clase.<\/strong><\/p>\n<ol>\n<li>Es necesario haber decidido el t\u00edtulo y tema del primer art\u00edculo.<\/li>\n<li>Entrar como editor: <a href=\"https:\/\/lajueya.net\/login\"><span>https:\/\/lajueya.net\/wp-login<\/span><\/a><\/li>\n<li>A\u00f1adir (editar) una entrada<\/li>\n<li>Redactar y editar un texto de 200-300 palabras (<span style=\"text-decoration: underline;\">rigurosamente propio y original<\/span>)<\/li>\n<li>Subir una imagen (propia) en formato JPEG que no pese m\u00e1s de 1 mega, relacionada con el art\u00edculo e identificada correctamente al pie (aparece una \u00abcajita\u00bb).<\/li>\n<li>Leer algo sobre el tema o preguntad a alguien: en alguna parte del texto, ha de aparecer una \u201ccita\u201d de alg\u00fan art\u00edculo, peri\u00f3dico o revista sobre el tema o el \u00e1rea del art\u00edculo. Pueden ser art\u00edculos de Internet, pero han de estar debidamente identificados (Con un n\u00famero o asterisco que debe coincidir con el que pong\u00e1is abajo, al final del art\u00edculo). Recordad c\u00f3mo se citaba en los trabajos de investigaci\u00f3n del Curso pasado, y en todo caso, anotad t\u00edtulo, autor\u00eda, editorial, revista o portal de Internet del que est\u00e1n obtenidos los datos, para ponerlo al final del art\u00edculo.<\/li>\n<li>Identificaci\u00f3n correcta del lugar en que se halla el \u201cobjeto\u201d del art\u00edculo. Se localiza el lugar en Google Maps y se copia el C\u00f3digo para embeber o insertar en vuestro art\u00edculo o web (no es el c\u00f3digo sencillo de \u201ccompartir\u201d, sino otro un poco m\u00e1s amplio). Una vez copiado, en la entrada, buscad el m\u00f3dulo \u201cC\u00f3digo\u201d en vuestro wordpress, insertar la URL copiada y aplicar con la flechita.<\/li>\n<li>Por \u00faltimo, al final de la entrada, abajo, se procede a la identificaci\u00f3n correcta de la fuente y autor\u00eda, en modo \u201cp\u00e1rrafo de texto\u201d. En cualquier caso, en todos los medios o referencias debe incluirse: t\u00edtulo del art\u00edculo de donde procede el texto citado, autor\u00eda, editorial o portal de Internet y fecha de publicaci\u00f3n.<\/li>\n<li>Clic en \u201cGuardar como borrador\u201d y en \u201cPublicar\u201d, cuando consider\u00e9is que el trabajo lo puede leer un visitante externo de la web (Ojo: siempre se han de publicar contenidos ciertos, respetuosos y correctamente expuestos.<\/li>\n<li>Recordad que es imprescindible asignar la \u00abCategor\u00eda\u00bb de vuestra publicaci\u00f3n. Si no existe, porque vuestro campo de trabajo es nuevo, avisad al profesor para que habilite vuestra \u00abcategor\u00eda\u00bb.<\/li>\n<li>Recordad que hay que asociar una \u00abImagen destacada\u00bb, fuera del contenido, a la derecha del editor. Puede ser la misma que la del interior, en esta ocasi\u00f3n.<\/li>\n<\/ol>\n<p><\/p>\n[\/et_pb_text][\/et_pb_column][\/et_pb_row][\/et_pb_section]<!-- \/wp:post-content -->","protected":false},"excerpt":{"rendered":"<p>TAREA 1. Entrega\/Publicaci\u00f3n antes del: 9 de noviembre, que se calificar\u00e1 en clase. Es necesario haber decidido el t\u00edtulo y tema del primer art\u00edculo. Entrar como editor: https:\/\/lajueya.net\/wp-login A\u00f1adir (editar) una entrada Redactar y editar un texto de 200-300 palabras (rigurosamente propio y original) Subir una imagen (propia) en formato JPEG que no pese m\u00e1s [&hellip;]<\/p>\n","protected":false},"author":1,"featured_media":0,"parent":0,"menu_order":0,"comment_status":"closed","ping_status":"closed","template":"","meta":{"_et_pb_use_builder":"on","_et_pb_old_content":"<!-- wp:paragraph -->\n<p>INICIO DEL CURSO, 5 DE OCTUBRE DE 2019<\/p>\n<!-- \/wp:paragraph -->\n\n<!-- wp:list {\"ordered\":true} -->\n<ol><li>Agruparse en parejas de investigaci\u00f3n\/edici\u00f3n<\/li><li>Identificar el campo de investigaci\u00f3n (revisar las etiquetas de navegaci\u00f3n, aunque puede elegirse un campo nuevo)<\/li><li>Pensar y elegir (ten\u00e9is toda esta semana hasta el pr\u00f3ximo d\u00eda) el correo (real)  y nombre de usuario (puede guardar relaci\u00f3n sem\u00e1ntica con el tema o campo: revisar las etiquetas de navegaci\u00f3n como orientaci\u00f3n)<\/li><\/ol>\n<!-- \/wp:list -->\n\n<!-- wp:paragraph -->\n<p>TAREAS PENDIENTES, PARA PLANIFICAR DURANTE LA SEMANA<\/p>\n<!-- \/wp:paragraph -->\n\n<!-- wp:list {\"ordered\":true} -->\n<ol><li>Es necesario darse de alta en la web. No vale la de Pin del curso pasado, este a\u00f1o hay que registrarse (que lo haremos el pr\u00f3ximo lunes) en lajueya.net (lo hace el profesor, asigna una contrase\u00f1a y una vez elegido el nombre de usuario, y asignada la contrase\u00f1a, no se cambia)<\/li><li>Echad un vistazo a las entradas del curso pasado.<\/li><li>Este a\u00f1o, de momento, los trabajos ser\u00e1n digitales<\/li><li>Caracter\u00edsticas de cada entrega o trabajo:<ol><li>200 palabras<\/li><li>T\u00edtulo<\/li><li>Contenido: 80% original, es decir, no publicado en ning\u00fan sitio<\/li><li>Fuentes de apoyo: correctamente identificadas, de acuerdo con lo aprendido en los modos de citar del curso pasado.<\/li><\/ol><\/li><\/ol>\n<!-- \/wp:list -->","_et_gb_content_width":"","footnotes":""},"class_list":["post-6428","page","type-page","status-publish","hentry"],"_links":{"self":[{"href":"https:\/\/lajueya.net\/index.php\/wp-json\/wp\/v2\/pages\/6428","targetHints":{"allow":["GET"]}}],"collection":[{"href":"https:\/\/lajueya.net\/index.php\/wp-json\/wp\/v2\/pages"}],"about":[{"href":"https:\/\/lajueya.net\/index.php\/wp-json\/wp\/v2\/types\/page"}],"author":[{"embeddable":true,"href":"https:\/\/lajueya.net\/index.php\/wp-json\/wp\/v2\/users\/1"}],"replies":[{"embeddable":true,"href":"https:\/\/lajueya.net\/index.php\/wp-json\/wp\/v2\/comments?post=6428"}],"version-history":[{"count":10,"href":"https:\/\/lajueya.net\/index.php\/wp-json\/wp\/v2\/pages\/6428\/revisions"}],"predecessor-version":[{"id":6481,"href":"https:\/\/lajueya.net\/index.php\/wp-json\/wp\/v2\/pages\/6428\/revisions\/6481"}],"wp:attachment":[{"href":"https:\/\/lajueya.net\/index.php\/wp-json\/wp\/v2\/media?parent=6428"}],"curies":[{"name":"wp","href":"https:\/\/api.w.org\/{rel}","templated":true}]}}